d) = -3*l(d) - 7*y(d). What is the tens digit of g(-20)?
2
What is the tens digit of ((-186)/(-8))/31 + (-31170)/(-8)?
9
Suppose l + 112 = 578. Suppose 5*j + l = 3*n, 4*n + 4*j - 658 = 6. What is the units digit of n?
2
Let p(a) = -a**2 - 88. Let b be p(0). Let h(z) = -z**3 - 2*z**2 + 7*z + 14. Let y be h(-3). What is the units digit of y/(b/92 + 1)?
6
Let c(s) = -4*s**2 + 2*s + 3. Let r be c(-2). Let d(y) = y**3 + 16*y**2 - 18*y + 13. What is the tens digit of d(r)?
3
Suppose 5*t + 5*b = 4660, 3*t + 5*b - 940 = 2*t. What is the units digit of t?
0
Suppose 0 = -5*l + 10*l + 10. What is the units digit of l - 25/(-2) - (-2)/4?
1
Let u(x) = -x - 7. Let z be u(-7). Suppose 3*y - 4 = -4*b, -4*y + 2 + z = 2*b. Suppose -4*g + y*g - 3*n = -97, g + 4*n = 8. What is the tens digit of g?
2
Suppose y - 3*l = 4*y - 5394, -3*l = 4*y - 7197. What is the thousands digit of y?
1
Suppose -322 = -6*a + 20*a. Let v(o) = -o + 37. Let s be v(0). Let x = s + a. What is the tens digit of x?
1
Let z = 1086 - 480. What is the hundreds digit of z?
6
Let g be -3*(-1 - (-376)/12). Let r = -42 - g. What is the tens digit of r?
4
Suppose 28 = v - 0*v - 2*k, -5*k = -20. What is the tens digit of ((-18)/v)/((-2)/360)?
9
Let j be (-3)/((6/172)/(2/(-4))). Let p be 0 - (2 + -1) - -2. Let r = p + j. What is the units digit of r?
4
Suppose y + 203 = 910. What is the units digit of y?
7
Let y(h) be the third derivative of 0*h + 0 - 5/12*h**4 + 1/60*h**5 + 2*h**3 - h**2. What is the units digit of y(9)?
3
Let l(y) = -y**2 - 8*y + 12. Let t be l(-12). What is the units digit of 0 + 4 + -7 - t?
3
Let w = 108 + 21. Suppose -107 = -4*s + w. What is the units digit of s?
9
Let a(q) = 729*q + 444. What is the units digit of a(4)?
0
Let g = -329 - -732. What is the hundreds digit of g?
4
Let s = -70 - -118. Let o be (-8)/(-52) + s/26. Suppose -o*a + 3*v = -69, -5 = 3*v + 4. What is the tens digit of a?
3
Suppose 0 = -2*w + 137 + 2739. What is the hundreds digit of w?
4
Suppose 5*d + 11 = 2*u - 20, 2*d + 63 = 3*u. Let q = u + -21. What is the units digit of 1/1 + q*20?
1
Let c = 18 + -16. Suppose 6*h - 8 = c*h. Suppose -76 = -h*i + 4. What is the tens digit of i?
4
Suppose -67 = -3*q - 22. Suppose 0 = d - 73 + q. What is the tens digit of d?
5
Let n(f) = 15*f**2 - 2*f + 1. Suppose -2*v = 1 - 5. What is the units digit of n(v)?
7
Let v(j) = -2*j + 59. Let b be v(16). Let h = -7 - -78. Suppose -2*i + i - f = -b, f = -3*i + h. What is the units digit of i?
2
What is the thousands digit of ((-14804)/(-2))/(10/(10 - 5))?
3
Suppose 2*n = -3*n. Suppose -4*g + 2*u - 8 = n, -7*g - u = -3*g + 2. What is the units digit of -50*g/(-2)*-1?
5
Suppose 0*n + 21 = 3*n. Let f be 48/21 + (-2)/n. What is the units digit of f - (-17*2)/1?
6
Let y(d) be the second derivative of 3*d + 7*d**2 + 1/12*d**4 + 0 + 0*d**3. What is the tens digit of y(0)?
1
Suppose 0 = 4*q - 3*q - 8. Suppose 140 + 500 = q*o. What is the units digit of o?
0
Let v(w) = w**2 - 7. Let m be v(-3). Suppose m*i = 2*d + 150, -4*i + 70 = 5*d - 230. What is the tens digit of i?
7
Let v be 6/(-9) + (-112)/(-6). Let y be 4/v + (-1612)/(-36). Suppose -2*x + 5*n = -0*x - 30, 3*x + n - y = 0. What is the tens digit of x?
1
Let j(w) = 2*w**3 + 10*w - 3. What is the tens digit of j(7)?
5
Let n = 594 - 47. Suppose -5*o - n = -1452. What is the tens digit of o?
8
What is the tens digit of 9 + ((-40780)/(-5))/4?
4
Suppose 4*g + 3*d - 66 = 0, -3*g = 4*d - 0*d - 53. Suppose q + g = 4*q. Suppose 8 = q*w - x, 14 = -2*w + w - 5*x. What is the units digit of w?
1
What is the tens digit of (7/(42/(-320)))/(16/(-24))?
8
Let t(h) = -3475*h**3 + 8*h**2 + 6*h - 1. What is the hundreds digit of t(-1)?
4
Suppose -3*p + 2*a + 78 = -0*a, -2*p = a - 52. Suppose p = -h + 4*g + 101, 4*h - 4*g - 240 = 0. What is the tens digit of h?
5
Suppose 0*g = 2*g + 3*h + 47, -128 = 5*g + 4*h. Let l = g + 59. What is the tens digit of l?
3
Let y(v) = 17*v**2 - v. Let l be (-6)/(-15) + 12/20. Let z be y(l). What is the units digit of (-34)/(-1) + z/(-4)?
0
Let f = 26 + -18. Let g(a) = -a + 11. Let k be g(f). Suppose -3*j + 126 = -4*p + 20, 3*j = -k*p + 99. What is the tens digit of j?
3
Let l = 923 + -210. What is the tens digit of l?
1
What is the hundreds digit of (-42)/18*-3 + 235?
2
Suppose 3*x = 5*f - 8*f + 3663, -2*f + 2433 = 5*x. What is the units digit of f?
4
Let n(r) = -r**3 + 5*r**2 - r + 5. Let f be n(5). Let i be -1*((0 - f) + -1). What is the tens digit of 14 + (2 - i)*4?
1
Let s = 10 - 3. Let r = -15 + s. What is the units digit of (-2)/(-8) + (-102)/r?
3
Suppose -70896 = 62*u - 78*u. What is the tens digit of u?
3
Let w(y) = -y + 8. Let o be w(2). Suppose -3*f = -5*x + 924, -x + o*f - 2*f = -195. What is the tens digit of x?
8
What is the units digit of 8/12*4/(12/3195)?
0
Suppose -5*c - 4*h = -5, 3*h + 4 + 1 = -2*c. Suppose 4*r - 456 = 4*b, -3*r + 226 + 132 = c*b. Suppose 0*z - 4*z = -r. What is the units digit of z?
9
Suppose -4*k + 2*m = -12514, -2*k - 2*m + 6263 = -5*m. What is the tens digit of k?
2
Let d be ((-18)/(-12))/((-3)/6). Let a be (-3)/(-1) + (-3)/d. Suppose -j = l - a, l = -2*j + 2 + 4. What is the units digit of l?
2
Let d = -39 - -44. Suppose d*u - 614 = 2*q + 141, -u - q + 144 = 0. What is the hundreds digit of u?
1
Let r(q) = -q**3 + 5*q**2 + q - 13. What is the units digit of r(3)?
8
Suppose 0*q + 15 = 5*q. Let x = 10 + 3. What is the units digit of q/(2 - x/8)?
8
Let b(r) = -3*r**2 - 12*r - 11. Let k be b(-9). Let z = k + 300. Let d = z - 93. What is the units digit of d?
1
Let c = 1795 + -1246. What is the units digit of c?
9
Let g(x) = x**3 - 13*x**2 + 12*x - 5. Let y be g(13). Let u = y + -45. What is the hundreds digit of u?
1
Suppose 5*m - 3*w = 1462, -1032 = -3*m + 3*w - 156. Suppose m = 6*u - 427. What is the hundreds digit of u?
1
Suppose -7*x + 26 = -30. Suppose 0 = -4*d - 4 - x, 0 = -g + 2*d + 9. Suppose -c = g*j - 64 + 14, 3*c - 150 = -3*j. What is the tens digit of c?
5
Suppose -4*c + 170 = 3*q, 6*q + 11*c = 6*c + 352. What is the tens digit of q?
6
Let d(k) = 174*k**2 + 4*k - 41. What is the hundreds digit of d(-4)?
7
Let p(h) = -h**3 + 11*h**2 - 11*h + 14. Suppose 0 = 5*k - 8 + 83. Let y = k - -25. What is the units digit of p(y)?
4
Let c(p) = -100*p + 272. What is the hundreds digit of c(-8)?
0
What is the units digit of 2 - -849 - (9 - (6 - 4))?
4
Suppose 6*k = k + 15. Suppose k*u - 336 = -d, 7*u - 2*u - 560 = -d. What is the tens digit of u?
1
Let u(h) = -3*h - 12. Let o be u(-5). Suppose o*l = -l + 4. Let m(p) = 47*p - 1. What is the tens digit of m(l)?
4
Let n = 15 + -15. Suppose n = -2*s + 3*s + 5*v - 47, 3*s - 4*v = 217. What is the units digit of s?
7
Let l be (3/2)/((-6)/(-16)). Suppose l*r = -2*g + 24, g = 4*r - 3*g. What is the tens digit of 20 + r + -1 + -1?
2
Let j(i) be the first derivative of i**3/3 + 5*i**2/2 + 2*i - 6. Let o be j(-10). Suppose x = -2*b - 2*b + 81, -x = -3*b + o. What is the tens digit of b?
1
Let b = -627 + 1896. What is the units digit of b?
9
Let t(c) = 3*c**3 - 13*c**2 + 26*c - 4. What is the hundreds digit of t(7)?
5
Suppose 0 = 3*g + 5*b - 4330, 10*g - 15*g + b = -7198. What is the thousands digit of g?
1
Let x = -12 + 16. Suppose 5*i + x = 3*i. What is the units digit of 1/(-1 - i) - -3?
4
Suppose -5*a = -2*j + 1389, 0 = -2*j - 3*j - 3*a + 3395. What is the tens digit of j?
8
Let m = 21 + 24. What is the units digit of m?
5
Let c(h) be the first derivative of h**5/10 + h**4/8 + 5*h**3/6 - 5*h**2/2 - 6. Let k(j) be the second derivative of c(j). What is the tens digit of k(-3)?
5
Let x(p) = 0*p**2 - 7*p**2 + 5*p**2 + 2*p - 34*p + 1. What is the tens digit of x(-13)?
7
Let k(b) = -4*b**3 + 7*b**2 - 9*b + 12. What is the hundreds digit of k(-6)?
1
Let o(p) be the first derivative of 189*p**4/4 - p**3/3 - p**2/2 - 22. What is the units digit of o(1)?
7
Suppose 42*k + 4420 = 47*k. What is the tens digit of k?
8
Suppose 454 = 10*f - 346. What is the tens digit of f?
8
Let j = -3507 + 6180. What is the thousands digit of j?
2
Let t = -1831 + 4974. What is the units digit of t?
3
Let h = -6 + 2. Let r be (4 - 4) + h + 14. What is the tens digit of (r/4)/(11/132)?
3
Let w = -885 + 2034. What is the units digit of w?
9
Let v(h) be the first derivative of -h**4/4 - 2*h**3/3 + h**2/2 + 3*h - 2. Let l(g)